{"id":1400,"date":"2020-04-20T00:35:27","date_gmt":"2020-04-20T00:35:27","guid":{"rendered":"https:\/\/instaon.io\/blog\/?page_id=1400"},"modified":"2020-04-20T01:05:06","modified_gmt":"2020-04-20T01:05:06","slug":"anuncios-de-pesquisa-de-texto","status":"publish","type":"page","link":"https:\/\/shown.io\/blog\/?page_id=1400&lang=pt","title":{"rendered":"An\u00fancios de Pesquisa de Texto"},"content":{"rendered":"\t\t<div data-elementor-type=\"wp-page\" data-elementor-id=\"1400\" class=\"elementor elementor-1400\">\n\t\t\t\t\t\t<div class=\"elementor-inner\">\n\t\t\t\t<div class=\"elementor-section-wrap\">\n\t\t\t\t\t\t\t\t\t<section class=\"elementor-section elementor-top-section elementor-element elementor-element-0a806e8 elementor-section-boxed elementor-section-height-default elementor-section-height-default\" data-id=\"0a806e8\" data-element_type=\"section\">\n\t\t\t\t\t\t<div class=\"elementor-container elementor-column-gap-default\">\n\t\t\t\t\t\t\t<div class=\"elementor-row\">\n\t\t\t\t\t<div class=\"elementor-column elementor-col-100 elementor-top-column elementor-element elementor-element-c285c9d\" data-id=\"c285c9d\" data-element_type=\"column\">\n\t\t\t<div class=\"elementor-column-wrap elementor-element-populated\">\n\t\t\t\t\t\t\t<div class=\"elementor-widget-wrap\">\n\t\t\t\t\t\t<div class=\"elementor-element elementor-element-2a2773c elementor-widget elementor-widget-text-editor\" data-id=\"2a2773c\" data-element_type=\"widget\" data-widget_type=\"text-editor.default\">\n\t\t\t\t<div class=\"elementor-widget-container\">\n\t\t\t\t\t\t\t\t<div class=\"elementor-text-editor elementor-clearfix\">\n\t\t\t\t<p>Ao configurar uma campanha de an\u00fancios do Google ou da Microsoft (Bing), voc\u00ea precisar\u00e1 fornecer ao Instaon um modelo de an\u00fancio inicial. Este modelo ser\u00e1 usado para criar v\u00e1rios an\u00fancios no processo de otimiza\u00e7\u00e3o e melhorar os resultados dos seus an\u00fancios.<\/p><p>O modelo de an\u00fancio possui: t\u00edtulos, descri\u00e7\u00f5es, URL do site e n\u00famero de telefone (opcional). Configura\u00e7\u00f5es mais avan\u00e7adas est\u00e3o dispon\u00edveis, mas ser\u00e3o discutidas mais tarde.<\/p><p>Seu modelo de an\u00fancio \u00e9 o que as pessoas ver\u00e3o como resultado da pesquisa sempre que seu an\u00fancio for acionado. N\u00e3o \u00e9 preciso dizer ent\u00e3o, qu\u00e3o importante ele \u00e9 &#8230;<\/p><p>Ao criar seu modelo de an\u00fancio, tenha em mente:<\/p><ol><li>Crie mensagens com foco nos benef\u00edcios que os seus produtos trazem para os clientes.<\/li><li>Concentre-se nos seus t\u00edtulos. A qualidade deles determinar\u00e1 o desempenho de seus an\u00fancios.<\/li><li>Lembre-se de que o t\u00edtulo 1 \u00e9 mais importante que o t\u00edtulo 2 e 3<\/li><li>Procure colocar titulos e descri\u00e7\u00f5es mais longas<\/li><li>Inclua suas palavras-chave principais\u00a0\u00a0nos seus t\u00edtulos<\/li><\/ol>\t\t\t\t\t<\/div>\n\t\t\t\t\t\t<\/div>\n\t\t\t\t<\/div>\n\t\t\t\t\t\t<\/div>\n\t\t\t\t\t<\/div>\n\t\t<\/div>\n\t\t\t\t\t\t\t\t<\/div>\n\t\t\t\t\t<\/div>\n\t\t<\/section>\n\t\t\t\t<section class=\"elementor-section elementor-top-section elementor-element elementor-element-da40c51 elementor-section-boxed elementor-section-height-default elementor-section-height-default\" data-id=\"da40c51\" data-element_type=\"section\">\n\t\t\t\t\t\t<div class=\"elementor-container elementor-column-gap-default\">\n\t\t\t\t\t\t\t<div class=\"elementor-row\">\n\t\t\t\t\t<div class=\"elementor-column elementor-col-100 elementor-top-column elementor-element elementor-element-100ffa9\" data-id=\"100ffa9\" data-element_type=\"column\">\n\t\t\t<div class=\"elementor-column-wrap elementor-element-populated\">\n\t\t\t\t\t\t\t<div class=\"elementor-widget-wrap\">\n\t\t\t\t\t\t<div class=\"elementor-element elementor-element-2d9efbc elementor-widget elementor-widget-heading\" data-id=\"2d9efbc\" data-element_type=\"widget\" data-widget_type=\"heading.default\">\n\t\t\t\t<div class=\"elementor-widget-container\">\n\t\t\t<h5 class=\"elementor-heading-title elementor-size-default\">T\u00edtulos e descri\u00e7\u00e3o do an\u00fancio<\/h5>\t\t<\/div>\n\t\t\t\t<\/div>\n\t\t\t\t\t\t<\/div>\n\t\t\t\t\t<\/div>\n\t\t<\/div>\n\t\t\t\t\t\t\t\t<\/div>\n\t\t\t\t\t<\/div>\n\t\t<\/section>\n\t\t\t\t<section class=\"elementor-section elementor-top-section elementor-element elementor-element-f38f04b elementor-section-boxed elementor-section-height-default elementor-section-height-default\" data-id=\"f38f04b\" data-element_type=\"section\">\n\t\t\t\t\t\t<div class=\"elementor-container elementor-column-gap-default\">\n\t\t\t\t\t\t\t<div class=\"elementor-row\">\n\t\t\t\t\t<div class=\"elementor-column elementor-col-100 elementor-top-column elementor-element elementor-element-7a5972b\" data-id=\"7a5972b\" data-element_type=\"column\">\n\t\t\t<div class=\"elementor-column-wrap elementor-element-populated\">\n\t\t\t\t\t\t\t<div class=\"elementor-widget-wrap\">\n\t\t\t\t\t\t<div class=\"elementor-element elementor-element-0cca810 elementor-widget elementor-widget-image\" data-id=\"0cca810\" data-element_type=\"widget\" data-widget_type=\"image.default\">\n\t\t\t\t<div class=\"elementor-widget-container\">\n\t\t\t\t\t\t\t\t<div class=\"elementor-image\">\n\t\t\t\t\t\t\t\t\t\t\t\t<img loading=\"lazy\" decoding=\"async\" width=\"808\" height=\"337\" src=\"https:\/\/shown.io\/blog\/wp-content\/uploads\/2020\/04\/ad-details-1.png\" class=\"attachment-large size-large wp-image-837\" alt=\"\" srcset=\"https:\/\/shown.io\/blog\/wp-content\/uploads\/2020\/04\/ad-details-1.png 808w, https:\/\/shown.io\/blog\/wp-content\/uploads\/2020\/04\/ad-details-1-300x125.png 300w, https:\/\/shown.io\/blog\/wp-content\/uploads\/2020\/04\/ad-details-1-768x320.png 768w\" sizes=\"auto, (max-width: 808px) 100vw, 808px\" \/>\t\t\t\t\t\t\t\t\t\t\t\t\t\t<\/div>\n\t\t\t\t\t\t<\/div>\n\t\t\t\t<\/div>\n\t\t\t\t\t\t<\/div>\n\t\t\t\t\t<\/div>\n\t\t<\/div>\n\t\t\t\t\t\t\t\t<\/div>\n\t\t\t\t\t<\/div>\n\t\t<\/section>\n\t\t\t\t<section class=\"elementor-section elementor-top-section elementor-element elementor-element-0b1abef elementor-section-boxed elementor-section-height-default elementor-section-height-default\" data-id=\"0b1abef\" data-element_type=\"section\">\n\t\t\t\t\t\t<div class=\"elementor-container elementor-column-gap-default\">\n\t\t\t\t\t\t\t<div class=\"elementor-row\">\n\t\t\t\t\t<div class=\"elementor-column elementor-col-100 elementor-top-column elementor-element elementor-element-e7fc59b\" data-id=\"e7fc59b\" data-element_type=\"column\">\n\t\t\t<div class=\"elementor-column-wrap elementor-element-populated\">\n\t\t\t\t\t\t\t<div class=\"elementor-widget-wrap\">\n\t\t\t\t\t\t<div class=\"elementor-element elementor-element-1b65dde elementor-widget elementor-widget-text-editor\" data-id=\"1b65dde\" data-element_type=\"widget\" data-widget_type=\"text-editor.default\">\n\t\t\t\t<div class=\"elementor-widget-container\">\n\t\t\t\t\t\t\t\t<div class=\"elementor-text-editor elementor-clearfix\">\n\t\t\t\t<p><strong>O que fazer:<\/strong><\/p><ul><li>Mesmo que o terceiro t\u00edtulo seja opcional, \u00e9 altamente recomend\u00e1vel que voc\u00ea escreva um.<\/li><li>Inclua a sua mensagem mais importantes nos t\u00edtulos: sua oferta e como os usu\u00e1rios podem se beneficiar dela.<\/li><li>Procure t\u00edtulos e descri\u00e7\u00e3o longos. Isso aumentar\u00e1 o espa\u00e7o de click dos seus an\u00fancios.<\/li><\/ul><p><strong>O que n\u00e3o fazer:<\/strong><\/p><ul><li>N\u00e3o inclua n\u00fameros de telefone<\/li><li>N\u00e3o inclua mais de um caractere especial (% @ #)<\/li><li>Evite usar pontos de exclama\u00e7\u00e3o (!)<\/li><li>N\u00e3o escreva os mesmos t\u00edtulos<\/li><\/ul>\t\t\t\t\t<\/div>\n\t\t\t\t\t\t<\/div>\n\t\t\t\t<\/div>\n\t\t\t\t\t\t<\/div>\n\t\t\t\t\t<\/div>\n\t\t<\/div>\n\t\t\t\t\t\t\t\t<\/div>\n\t\t\t\t\t<\/div>\n\t\t<\/section>\n\t\t\t\t<section class=\"elementor-section elementor-top-section elementor-element elementor-element-1a5c8a6 elementor-section-boxed elementor-section-height-default elementor-section-height-default\" data-id=\"1a5c8a6\" data-element_type=\"section\">\n\t\t\t\t\t\t<div class=\"elementor-container elementor-column-gap-default\">\n\t\t\t\t\t\t\t<div class=\"elementor-row\">\n\t\t\t\t\t<div class=\"elementor-column elementor-col-100 elementor-top-column elementor-element elementor-element-a1bf2a0\" data-id=\"a1bf2a0\" data-element_type=\"column\">\n\t\t\t<div class=\"elementor-column-wrap elementor-element-populated\">\n\t\t\t\t\t\t\t<div class=\"elementor-widget-wrap\">\n\t\t\t\t\t\t<div class=\"elementor-element elementor-element-88d0686 elementor-widget elementor-widget-heading\" data-id=\"88d0686\" data-element_type=\"widget\" data-widget_type=\"heading.default\">\n\t\t\t\t<div class=\"elementor-widget-container\">\n\t\t\t<h5 class=\"elementor-heading-title elementor-size-default\">N\u00famero de telefone<\/h5>\t\t<\/div>\n\t\t\t\t<\/div>\n\t\t\t\t\t\t<\/div>\n\t\t\t\t\t<\/div>\n\t\t<\/div>\n\t\t\t\t\t\t\t\t<\/div>\n\t\t\t\t\t<\/div>\n\t\t<\/section>\n\t\t\t\t<section class=\"elementor-section elementor-top-section elementor-element elementor-element-bc53629 elementor-section-boxed elementor-section-height-default elementor-section-height-default\" data-id=\"bc53629\" data-element_type=\"section\">\n\t\t\t\t\t\t<div class=\"elementor-container elementor-column-gap-default\">\n\t\t\t\t\t\t\t<div class=\"elementor-row\">\n\t\t\t\t\t<div class=\"elementor-column elementor-col-100 elementor-top-column elementor-element elementor-element-0efc64e\" data-id=\"0efc64e\" data-element_type=\"column\">\n\t\t\t<div class=\"elementor-column-wrap elementor-element-populated\">\n\t\t\t\t\t\t\t<div class=\"elementor-widget-wrap\">\n\t\t\t\t\t\t<div class=\"elementor-element elementor-element-b0e20a0 elementor-widget elementor-widget-image\" data-id=\"b0e20a0\" data-element_type=\"widget\" data-widget_type=\"image.default\">\n\t\t\t\t<div class=\"elementor-widget-container\">\n\t\t\t\t\t\t\t\t<div class=\"elementor-image\">\n\t\t\t\t\t\t\t\t\t\t\t\t<img loading=\"lazy\" decoding=\"async\" width=\"792\" height=\"103\" src=\"https:\/\/shown.io\/blog\/wp-content\/uploads\/2020\/04\/phone-number-1.png\" class=\"attachment-large size-large wp-image-839\" alt=\"\" srcset=\"https:\/\/shown.io\/blog\/wp-content\/uploads\/2020\/04\/phone-number-1.png 792w, https:\/\/shown.io\/blog\/wp-content\/uploads\/2020\/04\/phone-number-1-300x39.png 300w, https:\/\/shown.io\/blog\/wp-content\/uploads\/2020\/04\/phone-number-1-768x100.png 768w\" sizes=\"auto, (max-width: 792px) 100vw, 792px\" \/>\t\t\t\t\t\t\t\t\t\t\t\t\t\t<\/div>\n\t\t\t\t\t\t<\/div>\n\t\t\t\t<\/div>\n\t\t\t\t\t\t<\/div>\n\t\t\t\t\t<\/div>\n\t\t<\/div>\n\t\t\t\t\t\t\t\t<\/div>\n\t\t\t\t\t<\/div>\n\t\t<\/section>\n\t\t\t\t<section class=\"elementor-section elementor-top-section elementor-element elementor-element-b022b03 elementor-section-boxed elementor-section-height-default elementor-section-height-default\" data-id=\"b022b03\" data-element_type=\"section\">\n\t\t\t\t\t\t<div class=\"elementor-container elementor-column-gap-default\">\n\t\t\t\t\t\t\t<div class=\"elementor-row\">\n\t\t\t\t\t<div class=\"elementor-column elementor-col-100 elementor-top-column elementor-element elementor-element-2ba36a8\" data-id=\"2ba36a8\" data-element_type=\"column\">\n\t\t\t<div class=\"elementor-column-wrap elementor-element-populated\">\n\t\t\t\t\t\t\t<div class=\"elementor-widget-wrap\">\n\t\t\t\t\t\t<div class=\"elementor-element elementor-element-4995f3a elementor-widget elementor-widget-text-editor\" data-id=\"4995f3a\" data-element_type=\"widget\" data-widget_type=\"text-editor.default\">\n\t\t\t\t<div class=\"elementor-widget-container\">\n\t\t\t\t\t\t\t\t<div class=\"elementor-text-editor elementor-clearfix\">\n\t\t\t\t<p>Se voc\u00ea escolher &#8220;Receber mais liga\u00e7\u00f5es&#8221; como meta de publicidade, dever\u00e1 inserir o seu n\u00famero de telefone.<span style=\"font-size: 1.125rem;\"><br \/><\/span><\/p><p>Para receber mais liga\u00e7\u00f5es, voc\u00ea precisa destacar seu n\u00famero nos seus an\u00fancios. Isso permitir\u00e1 que os clientes em potencial liguem para voc\u00ea diretamente do telefone.<\/p><p>\u00a0<\/p>\t\t\t\t\t<\/div>\n\t\t\t\t\t\t<\/div>\n\t\t\t\t<\/div>\n\t\t\t\t\t\t<\/div>\n\t\t\t\t\t<\/div>\n\t\t<\/div>\n\t\t\t\t\t\t\t\t<\/div>\n\t\t\t\t\t<\/div>\n\t\t<\/section>\n\t\t\t\t\t\t\t\t\t<\/div>\n\t\t\t<\/div>\n\t\t\t\t\t<\/div>\n\t\t","protected":false},"excerpt":{"rendered":"<p>Ao configurar uma campanha de an\u00fancios do Google ou da Microsoft (Bing), voc\u00ea precisar\u00e1 fornecer ao Instaon um modelo de an\u00fancio inicial. Este modelo ser\u00e1 usado para criar v\u00e1rios an\u00fancios no processo de otimiza\u00e7\u00e3o e melhorar os resultados dos seus an\u00fancios. O modelo de an\u00fancio possui: t\u00edtulos, descri\u00e7\u00f5es, URL do site e n\u00famero de telefone [&hellip;]<\/p>\n","protected":false},"author":9,"featured_media":721,"parent":0,"menu_order":0,"comment_status":"closed","ping_status":"closed","template":"","meta":{"_bbp_topic_count":0,"_bbp_reply_count":0,"_bbp_total_topic_count":0,"_bbp_total_reply_count":0,"_bbp_voice_count":0,"_bbp_anonymous_reply_count":0,"_bbp_topic_count_hidden":0,"_bbp_reply_count_hidden":0,"_bbp_forum_subforum_count":0,"inline_featured_image":false,"footnotes":""},"class_list":["post-1400","page","type-page","status-publish","has-post-thumbnail","hentry"],"yoast_head":"<!-- This site is optimized with the Yoast SEO plugin v20.10 - https:\/\/yoast.com\/wordpress\/plugins\/seo\/ -->\n<title>An\u00fancios de Pesquisa de Texto - Shown Blog<\/title>\n<meta name=\"robots\" content=\"index, follow, max-snippet:-1, max-image-preview:large, max-video-preview:-1\" \/>\n<link rel=\"canonical\" href=\"https:\/\/shown.io\/blog\/?page_id=1400&lang=pt\" \/>\n<meta property=\"og:locale\" content=\"en_US\" \/>\n<meta property=\"og:type\" content=\"article\" \/>\n<meta property=\"og:title\" content=\"An\u00fancios de Pesquisa de Texto - Shown Blog\" \/>\n<meta property=\"og:description\" content=\"Ao configurar uma campanha de an\u00fancios do Google ou da Microsoft (Bing), voc\u00ea precisar\u00e1 fornecer ao Instaon um modelo de an\u00fancio inicial. Este modelo ser\u00e1 usado para criar v\u00e1rios an\u00fancios no processo de otimiza\u00e7\u00e3o e melhorar os resultados dos seus an\u00fancios. O modelo de an\u00fancio possui: t\u00edtulos, descri\u00e7\u00f5es, URL do site e n\u00famero de telefone [&hellip;]\" \/>\n<meta property=\"og:url\" content=\"https:\/\/shown.io\/blog\/?page_id=1400&amp;lang=pt\" \/>\n<meta property=\"og:site_name\" content=\"Shown Blog\" \/>\n<meta property=\"article:modified_time\" content=\"2020-04-20T01:05:06+00:00\" \/>\n<meta property=\"og:image\" content=\"https:\/\/shown.io\/blog\/wp-content\/uploads\/2020\/04\/Academy_banner_allarticles.png\" \/>\n\t<meta property=\"og:image:width\" content=\"2398\" \/>\n\t<meta property=\"og:image:height\" content=\"636\" \/>\n\t<meta property=\"og:image:type\" content=\"image\/png\" \/>\n<meta name=\"twitter:card\" content=\"summary_large_image\" \/>\n<meta name=\"twitter:label1\" content=\"Est. reading time\" \/>\n\t<meta name=\"twitter:data1\" content=\"2 minutes\" \/>\n<script type=\"application\/ld+json\" class=\"yoast-schema-graph\">{\"@context\":\"https:\/\/schema.org\",\"@graph\":[{\"@type\":\"WebPage\",\"@id\":\"https:\/\/shown.io\/blog\/?page_id=1400&lang=pt\",\"url\":\"https:\/\/shown.io\/blog\/?page_id=1400&lang=pt\",\"name\":\"An\u00fancios de Pesquisa de Texto - Shown Blog\",\"isPartOf\":{\"@id\":\"https:\/\/shown.io\/blog\/#website\"},\"datePublished\":\"2020-04-20T00:35:27+00:00\",\"dateModified\":\"2020-04-20T01:05:06+00:00\",\"breadcrumb\":{\"@id\":\"https:\/\/shown.io\/blog\/?page_id=1400&lang=pt#breadcrumb\"},\"inLanguage\":\"en-US\",\"potentialAction\":[{\"@type\":\"ReadAction\",\"target\":[\"https:\/\/shown.io\/blog\/?page_id=1400&lang=pt\"]}]},{\"@type\":\"BreadcrumbList\",\"@id\":\"https:\/\/shown.io\/blog\/?page_id=1400&lang=pt#breadcrumb\",\"itemListElement\":[{\"@type\":\"ListItem\",\"position\":1,\"name\":\"Home\",\"item\":\"https:\/\/shown.io\/blog\/\"},{\"@type\":\"ListItem\",\"position\":2,\"name\":\"An\u00fancios de Pesquisa de Texto\"}]},{\"@type\":\"WebSite\",\"@id\":\"https:\/\/shown.io\/blog\/#website\",\"url\":\"https:\/\/shown.io\/blog\/\",\"name\":\"Shown Blog\",\"description\":\"A blog about marketing optimization for smart companies\",\"publisher\":{\"@id\":\"https:\/\/shown.io\/blog\/#organization\"},\"potentialAction\":[{\"@type\":\"SearchAction\",\"target\":{\"@type\":\"EntryPoint\",\"urlTemplate\":\"https:\/\/shown.io\/blog\/?s={search_term_string}\"},\"query-input\":\"required name=search_term_string\"}],\"inLanguage\":\"en-US\"},{\"@type\":\"Organization\",\"@id\":\"https:\/\/shown.io\/blog\/#organization\",\"name\":\"Instaon\",\"url\":\"https:\/\/shown.io\/blog\/\",\"logo\":{\"@type\":\"ImageObject\",\"inLanguage\":\"en-US\",\"@id\":\"https:\/\/shown.io\/blog\/#\/schema\/logo\/image\/\",\"url\":\"https:\/\/shown.io\/blog\/wp-content\/uploads\/2020\/06\/Logo_Main_White.png\",\"contentUrl\":\"https:\/\/shown.io\/blog\/wp-content\/uploads\/2020\/06\/Logo_Main_White.png\",\"width\":1024,\"height\":1024,\"caption\":\"Instaon\"},\"image\":{\"@id\":\"https:\/\/shown.io\/blog\/#\/schema\/logo\/image\/\"}}]}<\/script>\n<!-- \/ Yoast SEO plugin. -->","yoast_head_json":{"title":"An\u00fancios de Pesquisa de Texto - Shown Blog","robots":{"index":"index","follow":"follow","max-snippet":"max-snippet:-1","max-image-preview":"max-image-preview:large","max-video-preview":"max-video-preview:-1"},"canonical":"https:\/\/shown.io\/blog\/?page_id=1400&lang=pt","og_locale":"en_US","og_type":"article","og_title":"An\u00fancios de Pesquisa de Texto - Shown Blog","og_description":"Ao configurar uma campanha de an\u00fancios do Google ou da Microsoft (Bing), voc\u00ea precisar\u00e1 fornecer ao Instaon um modelo de an\u00fancio inicial. Este modelo ser\u00e1 usado para criar v\u00e1rios an\u00fancios no processo de otimiza\u00e7\u00e3o e melhorar os resultados dos seus an\u00fancios. O modelo de an\u00fancio possui: t\u00edtulos, descri\u00e7\u00f5es, URL do site e n\u00famero de telefone [&hellip;]","og_url":"https:\/\/shown.io\/blog\/?page_id=1400&lang=pt","og_site_name":"Shown Blog","article_modified_time":"2020-04-20T01:05:06+00:00","og_image":[{"width":2398,"height":636,"url":"https:\/\/shown.io\/blog\/wp-content\/uploads\/2020\/04\/Academy_banner_allarticles.png","type":"image\/png"}],"twitter_card":"summary_large_image","twitter_misc":{"Est. reading time":"2 minutes"},"schema":{"@context":"https:\/\/schema.org","@graph":[{"@type":"WebPage","@id":"https:\/\/shown.io\/blog\/?page_id=1400&lang=pt","url":"https:\/\/shown.io\/blog\/?page_id=1400&lang=pt","name":"An\u00fancios de Pesquisa de Texto - Shown Blog","isPartOf":{"@id":"https:\/\/shown.io\/blog\/#website"},"datePublished":"2020-04-20T00:35:27+00:00","dateModified":"2020-04-20T01:05:06+00:00","breadcrumb":{"@id":"https:\/\/shown.io\/blog\/?page_id=1400&lang=pt#breadcrumb"},"inLanguage":"en-US","potentialAction":[{"@type":"ReadAction","target":["https:\/\/shown.io\/blog\/?page_id=1400&lang=pt"]}]},{"@type":"BreadcrumbList","@id":"https:\/\/shown.io\/blog\/?page_id=1400&lang=pt#breadcrumb","itemListElement":[{"@type":"ListItem","position":1,"name":"Home","item":"https:\/\/shown.io\/blog\/"},{"@type":"ListItem","position":2,"name":"An\u00fancios de Pesquisa de Texto"}]},{"@type":"WebSite","@id":"https:\/\/shown.io\/blog\/#website","url":"https:\/\/shown.io\/blog\/","name":"Shown Blog","description":"A blog about marketing optimization for smart companies","publisher":{"@id":"https:\/\/shown.io\/blog\/#organization"},"potentialAction":[{"@type":"SearchAction","target":{"@type":"EntryPoint","urlTemplate":"https:\/\/shown.io\/blog\/?s={search_term_string}"},"query-input":"required name=search_term_string"}],"inLanguage":"en-US"},{"@type":"Organization","@id":"https:\/\/shown.io\/blog\/#organization","name":"Instaon","url":"https:\/\/shown.io\/blog\/","logo":{"@type":"ImageObject","inLanguage":"en-US","@id":"https:\/\/shown.io\/blog\/#\/schema\/logo\/image\/","url":"https:\/\/shown.io\/blog\/wp-content\/uploads\/2020\/06\/Logo_Main_White.png","contentUrl":"https:\/\/shown.io\/blog\/wp-content\/uploads\/2020\/06\/Logo_Main_White.png","width":1024,"height":1024,"caption":"Instaon"},"image":{"@id":"https:\/\/shown.io\/blog\/#\/schema\/logo\/image\/"}}]}},"_links":{"self":[{"href":"https:\/\/shown.io\/blog\/index.php?rest_route=\/wp\/v2\/pages\/1400","targetHints":{"allow":["GET"]}}],"collection":[{"href":"https:\/\/shown.io\/blog\/index.php?rest_route=\/wp\/v2\/pages"}],"about":[{"href":"https:\/\/shown.io\/blog\/index.php?rest_route=\/wp\/v2\/types\/page"}],"author":[{"embeddable":true,"href":"https:\/\/shown.io\/blog\/index.php?rest_route=\/wp\/v2\/users\/9"}],"replies":[{"embeddable":true,"href":"https:\/\/shown.io\/blog\/index.php?rest_route=%2Fwp%2Fv2%2Fcomments&post=1400"}],"version-history":[{"count":3,"href":"https:\/\/shown.io\/blog\/index.php?rest_route=\/wp\/v2\/pages\/1400\/revisions"}],"predecessor-version":[{"id":1404,"href":"https:\/\/shown.io\/blog\/index.php?rest_route=\/wp\/v2\/pages\/1400\/revisions\/1404"}],"wp:featuredmedia":[{"embeddable":true,"href":"https:\/\/shown.io\/blog\/index.php?rest_route=\/wp\/v2\/media\/721"}],"wp:attachment":[{"href":"https:\/\/shown.io\/blog\/index.php?rest_route=%2Fwp%2Fv2%2Fmedia&parent=1400"}],"curies":[{"name":"wp","href":"https:\/\/api.w.org\/{rel}","templated":true}]}}