{"id":1435,"date":"2020-04-20T14:21:25","date_gmt":"2020-04-20T14:21:25","guid":{"rendered":"https:\/\/instaon.io\/blog\/?page_id=1435"},"modified":"2020-04-20T14:47:35","modified_gmt":"2020-04-20T14:47:35","slug":"metricas-generales","status":"publish","type":"page","link":"https:\/\/shown.io\/blog\/?page_id=1435&lang=es","title":{"rendered":"M\u00e9tricas Generales."},"content":{"rendered":"\t\t<div data-elementor-type=\"wp-page\" data-elementor-id=\"1435\" class=\"elementor elementor-1435\">\n\t\t\t\t\t\t<div class=\"elementor-inner\">\n\t\t\t\t<div class=\"elementor-section-wrap\">\n\t\t\t\t\t\t\t\t\t<section class=\"elementor-section elementor-top-section elementor-element elementor-element-bd86b0c elementor-section-boxed elementor-section-height-default elementor-section-height-default\" data-id=\"bd86b0c\" data-element_type=\"section\">\n\t\t\t\t\t\t<div class=\"elementor-container elementor-column-gap-default\">\n\t\t\t\t\t\t\t<div class=\"elementor-row\">\n\t\t\t\t\t<div class=\"elementor-column elementor-col-100 elementor-top-column elementor-element elementor-element-73b90f0\" data-id=\"73b90f0\" data-element_type=\"column\">\n\t\t\t<div class=\"elementor-column-wrap elementor-element-populated\">\n\t\t\t\t\t\t\t<div class=\"elementor-widget-wrap\">\n\t\t\t\t\t\t<div class=\"elementor-element elementor-element-5fda492 elementor-widget elementor-widget-text-editor\" data-id=\"5fda492\" data-element_type=\"widget\" data-widget_type=\"text-editor.default\">\n\t\t\t\t<div class=\"elementor-widget-container\">\n\t\t\t\t\t\t\t\t<div class=\"elementor-text-editor elementor-clearfix\">\n\t\t\t\t<p>En la parte superior de tu panel de control, encontrar\u00e1s las principales m\u00e9tricas de tus campa\u00f1as. Pueden variar seg\u00fan el objetivo publicitario que hayas seleccionado.<\/p>\t\t\t\t\t<\/div>\n\t\t\t\t\t\t<\/div>\n\t\t\t\t<\/div>\n\t\t\t\t\t\t<\/div>\n\t\t\t\t\t<\/div>\n\t\t<\/div>\n\t\t\t\t\t\t\t\t<\/div>\n\t\t\t\t\t<\/div>\n\t\t<\/section>\n\t\t\t\t<section class=\"elementor-section elementor-top-section elementor-element elementor-element-984eede elementor-section-boxed elementor-section-height-default elementor-section-height-default\" data-id=\"984eede\" data-element_type=\"section\">\n\t\t\t\t\t\t<div class=\"elementor-container elementor-column-gap-default\">\n\t\t\t\t\t\t\t<div class=\"elementor-row\">\n\t\t\t\t\t<div class=\"elementor-column elementor-col-100 elementor-top-column elementor-element elementor-element-a9696d2\" data-id=\"a9696d2\" data-element_type=\"column\">\n\t\t\t<div class=\"elementor-column-wrap elementor-element-populated\">\n\t\t\t\t\t\t\t<div class=\"elementor-widget-wrap\">\n\t\t\t\t\t\t<div class=\"elementor-element elementor-element-0ac3227 elementor-widget elementor-widget-image\" data-id=\"0ac3227\" data-element_type=\"widget\" data-widget_type=\"image.default\">\n\t\t\t\t<div class=\"elementor-widget-container\">\n\t\t\t\t\t\t\t\t<div class=\"elementor-image\">\n\t\t\t\t\t\t\t\t\t\t\t\t<img loading=\"lazy\" decoding=\"async\" width=\"1024\" height=\"290\" src=\"https:\/\/shown.io\/blog\/wp-content\/uploads\/2020\/04\/metrics-1024x290.png\" class=\"attachment-large size-large wp-image-682\" alt=\"\" srcset=\"https:\/\/shown.io\/blog\/wp-content\/uploads\/2020\/04\/metrics-1024x290.png 1024w, https:\/\/shown.io\/blog\/wp-content\/uploads\/2020\/04\/metrics-300x85.png 300w, https:\/\/shown.io\/blog\/wp-content\/uploads\/2020\/04\/metrics-768x217.png 768w, https:\/\/shown.io\/blog\/wp-content\/uploads\/2020\/04\/metrics-1536x435.png 1536w, https:\/\/shown.io\/blog\/wp-content\/uploads\/2020\/04\/metrics-2048x579.png 2048w\" sizes=\"auto, (max-width: 1024px) 100vw, 1024px\" \/>\t\t\t\t\t\t\t\t\t\t\t\t\t\t<\/div>\n\t\t\t\t\t\t<\/div>\n\t\t\t\t<\/div>\n\t\t\t\t\t\t<\/div>\n\t\t\t\t\t<\/div>\n\t\t<\/div>\n\t\t\t\t\t\t\t\t<\/div>\n\t\t\t\t\t<\/div>\n\t\t<\/section>\n\t\t\t\t<section class=\"elementor-section elementor-top-section elementor-element elementor-element-cd65948 elementor-section-boxed elementor-section-height-default elementor-section-height-default\" data-id=\"cd65948\" data-element_type=\"section\">\n\t\t\t\t\t\t<div class=\"elementor-container elementor-column-gap-default\">\n\t\t\t\t\t\t\t<div class=\"elementor-row\">\n\t\t\t\t\t<div class=\"elementor-column elementor-col-100 elementor-top-column elementor-element elementor-element-7d08cc4\" data-id=\"7d08cc4\" data-element_type=\"column\">\n\t\t\t<div class=\"elementor-column-wrap elementor-element-populated\">\n\t\t\t\t\t\t\t<div class=\"elementor-widget-wrap\">\n\t\t\t\t\t\t<div class=\"elementor-element elementor-element-00c5296 elementor-widget elementor-widget-text-editor\" data-id=\"00c5296\" data-element_type=\"widget\" data-widget_type=\"text-editor.default\">\n\t\t\t\t<div class=\"elementor-widget-container\">\n\t\t\t\t\t\t\t\t<div class=\"elementor-text-editor elementor-clearfix\">\n\t\t\t\t<p><b>Impresiones:&nbsp;<\/b>Se contabiliza una impresi\u00f3n cada vez que tu anuncio se muestra en la plataforma que elijas (por ejemplo, en Google, Bing o Facebook).<\/p>\n<p><b>Clicks:<\/b> Se contabiliza un click cada vez que alguien hace click en tus anuncios. Si alguien busca pizza en Milan y tu anuncio aparece, cuando el usuario hace click en tu anuncio y es redireccionado a tu sitio web; se contabilizar\u00e1 un click.<span style=\"font-size: 1.125rem;\"><br><\/span><\/p>\n<p><b>Llamadas:<\/b>&nbsp;Cantidad de veces que clientes potenciales te llaman a trav\u00e9s de los anuncios lanzados con Instaon.<\/p>\n<p><b>Leads:<\/b>&nbsp;cantidad de clientes nuevos potenciales (correos electr\u00f3nicos o chats de Facebook) que recibes gracias a los anuncios lanzados con Instaon.<\/p>\n<p><b>Ventas Online : <\/b>n\u00famero de compras en l\u00ednea realizadas en tu tienda online gracias a los anuncios lanzados con Instaon (pr\u00f3ximamente).<\/p>\n<p><span style=\"font-weight: 600;\" data-token-index=\"0\" data-reactroot=\"\">\u00bfC\u00f3mo pueden ayudarte estas m\u00e9tricas?<\/span><span style=\"\" data-token-index=\"0\" data-reactroot=\"\">&nbsp;Lo ideal es que chequees estas m\u00e9tricas periodicamente para ver si todo est\u00e1 funcionando correctamente. Mientras tanto, Instaon optimizar\u00e1 autom\u00e1ticamente tus anuncios para mejorar estas m\u00e9tricas y obtener m\u00e1s clientes.<\/span><\/p>\n<p>Para obtener m\u00e9tricas m\u00e1s detalladas, ingresa a la pesta\u00f1a &#8216;campa\u00f1as&#8217;.<\/p>\n<p><\/p>\t\t\t\t\t<\/div>\n\t\t\t\t\t\t<\/div>\n\t\t\t\t<\/div>\n\t\t\t\t\t\t<\/div>\n\t\t\t\t\t<\/div>\n\t\t<\/div>\n\t\t\t\t\t\t\t\t<\/div>\n\t\t\t\t\t<\/div>\n\t\t<\/section>\n\t\t\t\t\t\t\t\t\t<\/div>\n\t\t\t<\/div>\n\t\t\t\t\t<\/div>\n\t\t","protected":false},"excerpt":{"rendered":"<p>En la parte superior de tu panel de control, encontrar\u00e1s las principales m\u00e9tricas de tus campa\u00f1as. Pueden variar seg\u00fan el objetivo publicitario que hayas seleccionado. Impresiones:\u00a0Se contabiliza una impresi\u00f3n cada vez que tu anuncio se muestra en la plataforma que elijas (por ejemplo, en Google, Bing o Facebook). Clicks: Se contabiliza un click cada vez [&hellip;]<\/p>\n","protected":false},"author":9,"featured_media":721,"parent":0,"menu_order":0,"comment_status":"closed","ping_status":"closed","template":"","meta":{"_bbp_topic_count":0,"_bbp_reply_count":0,"_bbp_total_topic_count":0,"_bbp_total_reply_count":0,"_bbp_voice_count":0,"_bbp_anonymous_reply_count":0,"_bbp_topic_count_hidden":0,"_bbp_reply_count_hidden":0,"_bbp_forum_subforum_count":0,"inline_featured_image":false,"footnotes":""},"class_list":["post-1435","page","type-page","status-publish","has-post-thumbnail","hentry"],"yoast_head":"<!-- This site is optimized with the Yoast SEO plugin v20.10 - https:\/\/yoast.com\/wordpress\/plugins\/seo\/ -->\n<title>M\u00e9tricas Generales. - Shown Blog<\/title>\n<meta name=\"robots\" content=\"index, follow, max-snippet:-1, max-image-preview:large, max-video-preview:-1\" \/>\n<link rel=\"canonical\" href=\"https:\/\/shown.io\/blog\/?page_id=1435&lang=es\" \/>\n<meta property=\"og:locale\" content=\"en_US\" \/>\n<meta property=\"og:type\" content=\"article\" \/>\n<meta property=\"og:title\" content=\"M\u00e9tricas Generales. - Shown Blog\" \/>\n<meta property=\"og:description\" content=\"En la parte superior de tu panel de control, encontrar\u00e1s las principales m\u00e9tricas de tus campa\u00f1as. Pueden variar seg\u00fan el objetivo publicitario que hayas seleccionado. Impresiones:\u00a0Se contabiliza una impresi\u00f3n cada vez que tu anuncio se muestra en la plataforma que elijas (por ejemplo, en Google, Bing o Facebook). Clicks: Se contabiliza un click cada vez [&hellip;]\" \/>\n<meta property=\"og:url\" content=\"https:\/\/shown.io\/blog\/?page_id=1435&amp;lang=es\" \/>\n<meta property=\"og:site_name\" content=\"Shown Blog\" \/>\n<meta property=\"article:modified_time\" content=\"2020-04-20T14:47:35+00:00\" \/>\n<meta property=\"og:image\" content=\"https:\/\/shown.io\/blog\/wp-content\/uploads\/2020\/04\/Academy_banner_allarticles.png\" \/>\n\t<meta property=\"og:image:width\" content=\"2398\" \/>\n\t<meta property=\"og:image:height\" content=\"636\" \/>\n\t<meta property=\"og:image:type\" content=\"image\/png\" \/>\n<meta name=\"twitter:card\" content=\"summary_large_image\" \/>\n<meta name=\"twitter:label1\" content=\"Est. reading time\" \/>\n\t<meta name=\"twitter:data1\" content=\"1 minute\" \/>\n<script type=\"application\/ld+json\" class=\"yoast-schema-graph\">{\"@context\":\"https:\/\/schema.org\",\"@graph\":[{\"@type\":\"WebPage\",\"@id\":\"https:\/\/shown.io\/blog\/?page_id=1435&lang=es\",\"url\":\"https:\/\/shown.io\/blog\/?page_id=1435&lang=es\",\"name\":\"M\u00e9tricas Generales. - Shown Blog\",\"isPartOf\":{\"@id\":\"https:\/\/shown.io\/blog\/#website\"},\"datePublished\":\"2020-04-20T14:21:25+00:00\",\"dateModified\":\"2020-04-20T14:47:35+00:00\",\"breadcrumb\":{\"@id\":\"https:\/\/shown.io\/blog\/?page_id=1435&lang=es#breadcrumb\"},\"inLanguage\":\"en-US\",\"potentialAction\":[{\"@type\":\"ReadAction\",\"target\":[\"https:\/\/shown.io\/blog\/?page_id=1435&lang=es\"]}]},{\"@type\":\"BreadcrumbList\",\"@id\":\"https:\/\/shown.io\/blog\/?page_id=1435&lang=es#breadcrumb\",\"itemListElement\":[{\"@type\":\"ListItem\",\"position\":1,\"name\":\"Home\",\"item\":\"https:\/\/shown.io\/blog\/\"},{\"@type\":\"ListItem\",\"position\":2,\"name\":\"M\u00e9tricas Generales.\"}]},{\"@type\":\"WebSite\",\"@id\":\"https:\/\/shown.io\/blog\/#website\",\"url\":\"https:\/\/shown.io\/blog\/\",\"name\":\"Shown Blog\",\"description\":\"A blog about marketing optimization for smart companies\",\"publisher\":{\"@id\":\"https:\/\/shown.io\/blog\/#organization\"},\"potentialAction\":[{\"@type\":\"SearchAction\",\"target\":{\"@type\":\"EntryPoint\",\"urlTemplate\":\"https:\/\/shown.io\/blog\/?s={search_term_string}\"},\"query-input\":\"required name=search_term_string\"}],\"inLanguage\":\"en-US\"},{\"@type\":\"Organization\",\"@id\":\"https:\/\/shown.io\/blog\/#organization\",\"name\":\"Instaon\",\"url\":\"https:\/\/shown.io\/blog\/\",\"logo\":{\"@type\":\"ImageObject\",\"inLanguage\":\"en-US\",\"@id\":\"https:\/\/shown.io\/blog\/#\/schema\/logo\/image\/\",\"url\":\"https:\/\/shown.io\/blog\/wp-content\/uploads\/2020\/06\/Logo_Main_White.png\",\"contentUrl\":\"https:\/\/shown.io\/blog\/wp-content\/uploads\/2020\/06\/Logo_Main_White.png\",\"width\":1024,\"height\":1024,\"caption\":\"Instaon\"},\"image\":{\"@id\":\"https:\/\/shown.io\/blog\/#\/schema\/logo\/image\/\"}}]}<\/script>\n<!-- \/ Yoast SEO plugin. -->","yoast_head_json":{"title":"M\u00e9tricas Generales. - Shown Blog","robots":{"index":"index","follow":"follow","max-snippet":"max-snippet:-1","max-image-preview":"max-image-preview:large","max-video-preview":"max-video-preview:-1"},"canonical":"https:\/\/shown.io\/blog\/?page_id=1435&lang=es","og_locale":"en_US","og_type":"article","og_title":"M\u00e9tricas Generales. - Shown Blog","og_description":"En la parte superior de tu panel de control, encontrar\u00e1s las principales m\u00e9tricas de tus campa\u00f1as. Pueden variar seg\u00fan el objetivo publicitario que hayas seleccionado. Impresiones:\u00a0Se contabiliza una impresi\u00f3n cada vez que tu anuncio se muestra en la plataforma que elijas (por ejemplo, en Google, Bing o Facebook). Clicks: Se contabiliza un click cada vez [&hellip;]","og_url":"https:\/\/shown.io\/blog\/?page_id=1435&lang=es","og_site_name":"Shown Blog","article_modified_time":"2020-04-20T14:47:35+00:00","og_image":[{"width":2398,"height":636,"url":"https:\/\/shown.io\/blog\/wp-content\/uploads\/2020\/04\/Academy_banner_allarticles.png","type":"image\/png"}],"twitter_card":"summary_large_image","twitter_misc":{"Est. reading time":"1 minute"},"schema":{"@context":"https:\/\/schema.org","@graph":[{"@type":"WebPage","@id":"https:\/\/shown.io\/blog\/?page_id=1435&lang=es","url":"https:\/\/shown.io\/blog\/?page_id=1435&lang=es","name":"M\u00e9tricas Generales. - Shown Blog","isPartOf":{"@id":"https:\/\/shown.io\/blog\/#website"},"datePublished":"2020-04-20T14:21:25+00:00","dateModified":"2020-04-20T14:47:35+00:00","breadcrumb":{"@id":"https:\/\/shown.io\/blog\/?page_id=1435&lang=es#breadcrumb"},"inLanguage":"en-US","potentialAction":[{"@type":"ReadAction","target":["https:\/\/shown.io\/blog\/?page_id=1435&lang=es"]}]},{"@type":"BreadcrumbList","@id":"https:\/\/shown.io\/blog\/?page_id=1435&lang=es#breadcrumb","itemListElement":[{"@type":"ListItem","position":1,"name":"Home","item":"https:\/\/shown.io\/blog\/"},{"@type":"ListItem","position":2,"name":"M\u00e9tricas Generales."}]},{"@type":"WebSite","@id":"https:\/\/shown.io\/blog\/#website","url":"https:\/\/shown.io\/blog\/","name":"Shown Blog","description":"A blog about marketing optimization for smart companies","publisher":{"@id":"https:\/\/shown.io\/blog\/#organization"},"potentialAction":[{"@type":"SearchAction","target":{"@type":"EntryPoint","urlTemplate":"https:\/\/shown.io\/blog\/?s={search_term_string}"},"query-input":"required name=search_term_string"}],"inLanguage":"en-US"},{"@type":"Organization","@id":"https:\/\/shown.io\/blog\/#organization","name":"Instaon","url":"https:\/\/shown.io\/blog\/","logo":{"@type":"ImageObject","inLanguage":"en-US","@id":"https:\/\/shown.io\/blog\/#\/schema\/logo\/image\/","url":"https:\/\/shown.io\/blog\/wp-content\/uploads\/2020\/06\/Logo_Main_White.png","contentUrl":"https:\/\/shown.io\/blog\/wp-content\/uploads\/2020\/06\/Logo_Main_White.png","width":1024,"height":1024,"caption":"Instaon"},"image":{"@id":"https:\/\/shown.io\/blog\/#\/schema\/logo\/image\/"}}]}},"_links":{"self":[{"href":"https:\/\/shown.io\/blog\/index.php?rest_route=\/wp\/v2\/pages\/1435","targetHints":{"allow":["GET"]}}],"collection":[{"href":"https:\/\/shown.io\/blog\/index.php?rest_route=\/wp\/v2\/pages"}],"about":[{"href":"https:\/\/shown.io\/blog\/index.php?rest_route=\/wp\/v2\/types\/page"}],"author":[{"embeddable":true,"href":"https:\/\/shown.io\/blog\/index.php?rest_route=\/wp\/v2\/users\/9"}],"replies":[{"embeddable":true,"href":"https:\/\/shown.io\/blog\/index.php?rest_route=%2Fwp%2Fv2%2Fcomments&post=1435"}],"version-history":[{"count":3,"href":"https:\/\/shown.io\/blog\/index.php?rest_route=\/wp\/v2\/pages\/1435\/revisions"}],"predecessor-version":[{"id":1439,"href":"https:\/\/shown.io\/blog\/index.php?rest_route=\/wp\/v2\/pages\/1435\/revisions\/1439"}],"wp:featuredmedia":[{"embeddable":true,"href":"https:\/\/shown.io\/blog\/index.php?rest_route=\/wp\/v2\/media\/721"}],"wp:attachment":[{"href":"https:\/\/shown.io\/blog\/index.php?rest_route=%2Fwp%2Fv2%2Fmedia&parent=1435"}],"curies":[{"name":"wp","href":"https:\/\/api.w.org\/{rel}","templated":true}]}}